{"id":3217,"date":"2025-08-25T16:07:19","date_gmt":"2025-08-25T15:07:19","guid":{"rendered":"https:\/\/marsizsolt.hu\/?post_type=product&#038;p=3217"},"modified":"2025-08-26T16:38:52","modified_gmt":"2025-08-26T15:38:52","slug":"espresso-cseszealj-12-cm","status":"publish","type":"product","link":"https:\/\/marsizsolt.hu\/en\/product\/espresso-cseszealj-12-cm\/","title":{"rendered":"Espresso saucer, 12 cm"},"content":{"rendered":"<p>A 12 cm-es espresso cs\u00e9szealj az espresso cs\u00e9sz\u00e9hez ill\u0151, kisebb m\u00e9ret\u0171 al\u00e1t\u00e9t. Stabilan tartja a cs\u00e9sz\u00e9t, \u00e9s eleg\u00e1nsan eg\u00e9sz\u00edti ki a gyors k\u00e1v\u00e9z\u00e1s ritu\u00e1l\u00e9j\u00e1t.<\/p>","protected":false},"excerpt":{"rendered":"<p>A 12 cm-es espresso cs\u00e9szealj az espresso cs\u00e9sz\u00e9hez ill\u0151, kisebb m\u00e9ret\u0171 al\u00e1t\u00e9t. Stabilan tartja a cs\u00e9sz\u00e9t, \u00e9s eleg\u00e1nsan eg\u00e9sz\u00edti ki a gyors k\u00e1v\u00e9z\u00e1s ritu\u00e1l\u00e9j\u00e1t.<\/p>","protected":false},"featured_media":3613,"template":"","meta":[],"product_brand":[],"product_cat":[32],"product_tag":[],"class_list":{"0":"post-3217","1":"product","2":"type-product","3":"status-publish","4":"has-post-thumbnail","6":"product_cat-tanyerok-porcelanok","8":"first","9":"instock","10":"shipping-taxable","11":"purchasable","12":"product-type-simple"},"yoast_head":"<!-- This site is optimized with the Yoast SEO plugin v27.4 - https:\/\/yoast.com\/product\/yoast-seo-wordpress\/ -->\n<title>Espresso cs\u00e9szealj 12 cm | Komplett catering szolg\u00e1ltat\u00e1s \u00e9s eszk\u00f6zpark<\/title>\n<meta name=\"robots\" content=\"index, follow, max-snippet:-1, max-image-preview:large, max-video-preview:-1\" \/>\n<link rel=\"canonical\" href=\"https:\/\/marsizsolt.hu\/en\/product\/espresso-cseszealj-12-cm\/\" \/>\n<meta property=\"og:locale\" content=\"en_US\" \/>\n<meta property=\"og:type\" content=\"article\" \/>\n<meta property=\"og:title\" content=\"Espresso cs\u00e9szealj 12 cm | Komplett catering szolg\u00e1ltat\u00e1s \u00e9s eszk\u00f6zpark\" \/>\n<meta property=\"og:description\" content=\"A 12 cm-es espresso cs\u00e9szealj az espresso cs\u00e9sz\u00e9hez ill\u0151, kisebb m\u00e9ret\u0171 al\u00e1t\u00e9t. Stabilan tartja a cs\u00e9sz\u00e9t, \u00e9s eleg\u00e1nsan eg\u00e9sz\u00edti ki a gyors k\u00e1v\u00e9z\u00e1s ritu\u00e1l\u00e9j\u00e1t.\" \/>\n<meta property=\"og:url\" content=\"https:\/\/marsizsolt.hu\/en\/product\/espresso-cseszealj-12-cm\/\" \/>\n<meta property=\"og:site_name\" content=\"Komplett catering szolg\u00e1ltat\u00e1s \u00e9s eszk\u00f6zpark\" \/>\n<meta property=\"article:publisher\" content=\"https:\/\/www.facebook.com\/gasztro.marsi\" \/>\n<meta property=\"article:modified_time\" content=\"2025-08-26T15:38:52+00:00\" \/>\n<meta property=\"og:image\" content=\"https:\/\/marsizsolt.hu\/wp-content\/uploads\/2025\/08\/1409-espresso-cseszealj-12-cm.webp\" \/>\n\t<meta property=\"og:image:width\" content=\"1920\" \/>\n\t<meta property=\"og:image:height\" content=\"2880\" \/>\n\t<meta property=\"og:image:type\" content=\"image\/webp\" \/>\n<meta name=\"twitter:card\" content=\"summary_large_image\" \/>\n<script type=\"application\/ld+json\" class=\"yoast-schema-graph\">{\"@context\":\"https:\\\/\\\/schema.org\",\"@graph\":[{\"@type\":\"WebPage\",\"@id\":\"https:\\\/\\\/marsizsolt.hu\\\/product\\\/espresso-cseszealj-12-cm\\\/\",\"url\":\"https:\\\/\\\/marsizsolt.hu\\\/product\\\/espresso-cseszealj-12-cm\\\/\",\"name\":\"Espresso cs\u00e9szealj 12 cm | Komplett catering szolg\u00e1ltat\u00e1s \u00e9s eszk\u00f6zpark\",\"isPartOf\":{\"@id\":\"https:\\\/\\\/marsizsolt.hu\\\/#website\"},\"primaryImageOfPage\":{\"@id\":\"https:\\\/\\\/marsizsolt.hu\\\/product\\\/espresso-cseszealj-12-cm\\\/#primaryimage\"},\"image\":{\"@id\":\"https:\\\/\\\/marsizsolt.hu\\\/product\\\/espresso-cseszealj-12-cm\\\/#primaryimage\"},\"thumbnailUrl\":\"https:\\\/\\\/marsizsolt.hu\\\/wp-content\\\/uploads\\\/2025\\\/08\\\/1409-espresso-cseszealj-12-cm.webp\",\"datePublished\":\"2025-08-25T15:07:19+00:00\",\"dateModified\":\"2025-08-26T15:38:52+00:00\",\"breadcrumb\":{\"@id\":\"https:\\\/\\\/marsizsolt.hu\\\/product\\\/espresso-cseszealj-12-cm\\\/#breadcrumb\"},\"inLanguage\":\"en-US\",\"potentialAction\":[{\"@type\":\"ReadAction\",\"target\":[\"https:\\\/\\\/marsizsolt.hu\\\/product\\\/espresso-cseszealj-12-cm\\\/\"]}]},{\"@type\":\"ImageObject\",\"inLanguage\":\"en-US\",\"@id\":\"https:\\\/\\\/marsizsolt.hu\\\/product\\\/espresso-cseszealj-12-cm\\\/#primaryimage\",\"url\":\"https:\\\/\\\/marsizsolt.hu\\\/wp-content\\\/uploads\\\/2025\\\/08\\\/1409-espresso-cseszealj-12-cm.webp\",\"contentUrl\":\"https:\\\/\\\/marsizsolt.hu\\\/wp-content\\\/uploads\\\/2025\\\/08\\\/1409-espresso-cseszealj-12-cm.webp\",\"width\":1920,\"height\":2880},{\"@type\":\"BreadcrumbList\",\"@id\":\"https:\\\/\\\/marsizsolt.hu\\\/product\\\/espresso-cseszealj-12-cm\\\/#breadcrumb\",\"itemListElement\":[{\"@type\":\"ListItem\",\"position\":1,\"name\":\"Home\",\"item\":\"https:\\\/\\\/marsizsolt.hu\\\/\"},{\"@type\":\"ListItem\",\"position\":2,\"name\":\"Shop\",\"item\":\"https:\\\/\\\/marsizsolt.hu\\\/shop\\\/\"},{\"@type\":\"ListItem\",\"position\":3,\"name\":\"Espresso cs\u00e9szealj 12 cm\"}]},{\"@type\":\"WebSite\",\"@id\":\"https:\\\/\\\/marsizsolt.hu\\\/#website\",\"url\":\"https:\\\/\\\/marsizsolt.hu\\\/\",\"name\":\"marsizsolt.hu\",\"description\":\"Marsi Zsolt Catering &amp; Az Udvar \u2013 Az esem\u00e9nyed gasztron\u00f3miai h\u00e1ttere\",\"publisher\":{\"@id\":\"https:\\\/\\\/marsizsolt.hu\\\/#organization\"},\"potentialAction\":[{\"@type\":\"SearchAction\",\"target\":{\"@type\":\"EntryPoint\",\"urlTemplate\":\"https:\\\/\\\/marsizsolt.hu\\\/?s={search_term_string}\"},\"query-input\":{\"@type\":\"PropertyValueSpecification\",\"valueRequired\":true,\"valueName\":\"search_term_string\"}}],\"inLanguage\":\"en-US\"},{\"@type\":\"Organization\",\"@id\":\"https:\\\/\\\/marsizsolt.hu\\\/#organization\",\"name\":\"marsizsolt.hu\",\"url\":\"https:\\\/\\\/marsizsolt.hu\\\/\",\"logo\":{\"@type\":\"ImageObject\",\"inLanguage\":\"en-US\",\"@id\":\"https:\\\/\\\/marsizsolt.hu\\\/#\\\/schema\\\/logo\\\/image\\\/\",\"url\":\"https:\\\/\\\/marsizsolt.hu\\\/wp-content\\\/uploads\\\/2025\\\/04\\\/Catering.svg\",\"contentUrl\":\"https:\\\/\\\/marsizsolt.hu\\\/wp-content\\\/uploads\\\/2025\\\/04\\\/Catering.svg\",\"width\":132,\"height\":243,\"caption\":\"marsizsolt.hu\"},\"image\":{\"@id\":\"https:\\\/\\\/marsizsolt.hu\\\/#\\\/schema\\\/logo\\\/image\\\/\"},\"sameAs\":[\"https:\\\/\\\/www.facebook.com\\\/gasztro.marsi\",\"https:\\\/\\\/www.instagram.com\\\/gasztro.marsi\\\/\"]}]}<\/script>\n<!-- \/ Yoast SEO plugin. -->","yoast_head_json":{"title":"Espresso cs\u00e9szealj 12 cm | Komplett catering szolg\u00e1ltat\u00e1s \u00e9s eszk\u00f6zpark","robots":{"index":"index","follow":"follow","max-snippet":"max-snippet:-1","max-image-preview":"max-image-preview:large","max-video-preview":"max-video-preview:-1"},"canonical":"https:\/\/marsizsolt.hu\/en\/product\/espresso-cseszealj-12-cm\/","og_locale":"en_US","og_type":"article","og_title":"Espresso cs\u00e9szealj 12 cm | Komplett catering szolg\u00e1ltat\u00e1s \u00e9s eszk\u00f6zpark","og_description":"A 12 cm-es espresso cs\u00e9szealj az espresso cs\u00e9sz\u00e9hez ill\u0151, kisebb m\u00e9ret\u0171 al\u00e1t\u00e9t. Stabilan tartja a cs\u00e9sz\u00e9t, \u00e9s eleg\u00e1nsan eg\u00e9sz\u00edti ki a gyors k\u00e1v\u00e9z\u00e1s ritu\u00e1l\u00e9j\u00e1t.","og_url":"https:\/\/marsizsolt.hu\/en\/product\/espresso-cseszealj-12-cm\/","og_site_name":"Komplett catering szolg\u00e1ltat\u00e1s \u00e9s eszk\u00f6zpark","article_publisher":"https:\/\/www.facebook.com\/gasztro.marsi","article_modified_time":"2025-08-26T15:38:52+00:00","og_image":[{"width":1920,"height":2880,"url":"https:\/\/marsizsolt.hu\/wp-content\/uploads\/2025\/08\/1409-espresso-cseszealj-12-cm.webp","type":"image\/webp"}],"twitter_card":"summary_large_image","schema":{"@context":"https:\/\/schema.org","@graph":[{"@type":"WebPage","@id":"https:\/\/marsizsolt.hu\/product\/espresso-cseszealj-12-cm\/","url":"https:\/\/marsizsolt.hu\/product\/espresso-cseszealj-12-cm\/","name":"Espresso cs\u00e9szealj 12 cm | Komplett catering szolg\u00e1ltat\u00e1s \u00e9s eszk\u00f6zpark","isPartOf":{"@id":"https:\/\/marsizsolt.hu\/#website"},"primaryImageOfPage":{"@id":"https:\/\/marsizsolt.hu\/product\/espresso-cseszealj-12-cm\/#primaryimage"},"image":{"@id":"https:\/\/marsizsolt.hu\/product\/espresso-cseszealj-12-cm\/#primaryimage"},"thumbnailUrl":"https:\/\/marsizsolt.hu\/wp-content\/uploads\/2025\/08\/1409-espresso-cseszealj-12-cm.webp","datePublished":"2025-08-25T15:07:19+00:00","dateModified":"2025-08-26T15:38:52+00:00","breadcrumb":{"@id":"https:\/\/marsizsolt.hu\/product\/espresso-cseszealj-12-cm\/#breadcrumb"},"inLanguage":"en-US","potentialAction":[{"@type":"ReadAction","target":["https:\/\/marsizsolt.hu\/product\/espresso-cseszealj-12-cm\/"]}]},{"@type":"ImageObject","inLanguage":"en-US","@id":"https:\/\/marsizsolt.hu\/product\/espresso-cseszealj-12-cm\/#primaryimage","url":"https:\/\/marsizsolt.hu\/wp-content\/uploads\/2025\/08\/1409-espresso-cseszealj-12-cm.webp","contentUrl":"https:\/\/marsizsolt.hu\/wp-content\/uploads\/2025\/08\/1409-espresso-cseszealj-12-cm.webp","width":1920,"height":2880},{"@type":"BreadcrumbList","@id":"https:\/\/marsizsolt.hu\/product\/espresso-cseszealj-12-cm\/#breadcrumb","itemListElement":[{"@type":"ListItem","position":1,"name":"Home","item":"https:\/\/marsizsolt.hu\/"},{"@type":"ListItem","position":2,"name":"Shop","item":"https:\/\/marsizsolt.hu\/shop\/"},{"@type":"ListItem","position":3,"name":"Espresso cs\u00e9szealj 12 cm"}]},{"@type":"WebSite","@id":"https:\/\/marsizsolt.hu\/#website","url":"https:\/\/marsizsolt.hu\/","name":"marsizsolt.hu","description":"Marsi Zsolt Catering &amp; Az Udvar \u2013 Az esem\u00e9nyed gasztron\u00f3miai h\u00e1ttere","publisher":{"@id":"https:\/\/marsizsolt.hu\/#organization"},"potentialAction":[{"@type":"SearchAction","target":{"@type":"EntryPoint","urlTemplate":"https:\/\/marsizsolt.hu\/?s={search_term_string}"},"query-input":{"@type":"PropertyValueSpecification","valueRequired":true,"valueName":"search_term_string"}}],"inLanguage":"en-US"},{"@type":"Organization","@id":"https:\/\/marsizsolt.hu\/#organization","name":"marsizsolt.hu","url":"https:\/\/marsizsolt.hu\/","logo":{"@type":"ImageObject","inLanguage":"en-US","@id":"https:\/\/marsizsolt.hu\/#\/schema\/logo\/image\/","url":"https:\/\/marsizsolt.hu\/wp-content\/uploads\/2025\/04\/Catering.svg","contentUrl":"https:\/\/marsizsolt.hu\/wp-content\/uploads\/2025\/04\/Catering.svg","width":132,"height":243,"caption":"marsizsolt.hu"},"image":{"@id":"https:\/\/marsizsolt.hu\/#\/schema\/logo\/image\/"},"sameAs":["https:\/\/www.facebook.com\/gasztro.marsi","https:\/\/www.instagram.com\/gasztro.marsi\/"]}]}},"_links":{"self":[{"href":"https:\/\/marsizsolt.hu\/en\/wp-json\/wp\/v2\/product\/3217","targetHints":{"allow":["GET"]}}],"collection":[{"href":"https:\/\/marsizsolt.hu\/en\/wp-json\/wp\/v2\/product"}],"about":[{"href":"https:\/\/marsizsolt.hu\/en\/wp-json\/wp\/v2\/types\/product"}],"wp:featuredmedia":[{"embeddable":true,"href":"https:\/\/marsizsolt.hu\/en\/wp-json\/wp\/v2\/media\/3613"}],"wp:attachment":[{"href":"https:\/\/marsizsolt.hu\/en\/wp-json\/wp\/v2\/media?parent=3217"}],"wp:term":[{"taxonomy":"product_brand","embeddable":true,"href":"https:\/\/marsizsolt.hu\/en\/wp-json\/wp\/v2\/product_brand?post=3217"},{"taxonomy":"product_cat","embeddable":true,"href":"https:\/\/marsizsolt.hu\/en\/wp-json\/wp\/v2\/product_cat?post=3217"},{"taxonomy":"product_tag","embeddable":true,"href":"https:\/\/marsizsolt.hu\/en\/wp-json\/wp\/v2\/product_tag?post=3217"}],"curies":[{"name":"wp","href":"https:\/\/api.w.org\/{rel}","templated":true}]}}

<p>A 12 cm-es espresso csészealj az espresso csészéhez illő, kisebb méretű alátét. Stabilan tartja a csészét, és elegánsan egészíti ki a gyors kávézás rituáléját.</p>

<!-- This site is optimized with the Yoast SEO plugin v27.4 - https://yoast.com/product/yoast-seo-wordpress/ -->
<title>Espresso csészealj 12 cm | Komplett catering szolgáltatás és eszközpark</title>
<meta name="robots" content="index, follow, max-snippet:-1, max-image-preview:large, max-video-preview:-1" />
<link rel="canonical" href="https://marsizsolt.hu/en/product/espresso-cseszealj-12-cm/" />
<meta property="og:locale" content="en_US" />
<meta property="og:type" content="article" />
<meta property="og:title" content="Espresso csészealj 12 cm | Komplett catering szolgáltatás és eszközpark" />
<meta property="og:description" content="A 12 cm-es espresso csészealj az espresso csészéhez illő, kisebb méretű alátét. Stabilan tartja a csészét, és elegánsan egészíti ki a gyors kávézás rituáléját." />
<meta property="og:url" content="https://marsizsolt.hu/en/product/espresso-cseszealj-12-cm/" />
<meta property="og:site_name" content="Komplett catering szolgáltatás és eszközpark" />
<meta property="article:publisher" content="https://www.facebook.com/gasztro.marsi" />
<meta property="article:modified_time" content="2025-08-26T15:38:52+00:00" />
<meta property="og:image" content="https://marsizsolt.hu/wp-content/uploads/2025/08/1409-espresso-cseszealj-12-cm.webp" />
	<meta property="og:image:width" content="1920" />
	<meta property="og:image:height" content="2880" />
	<meta property="og:image:type" content="image/webp" />
<meta name="twitter:card" content="summary_large_image" />
<script type="application/ld+json" class="yoast-schema-graph">{"@context":"https:\/\/schema.org","@graph":[{"@type":"WebPage","@id":"https:\/\/marsizsolt.hu\/product\/espresso-cseszealj-12-cm\/","url":"https:\/\/marsizsolt.hu\/product\/espresso-cseszealj-12-cm\/","name":"Espresso csészealj 12 cm | Komplett catering szolgáltatás és eszközpark","isPartOf":{"@id":"https:\/\/marsizsolt.hu\/#website"},"primaryImageOfPage":{"@id":"https:\/\/marsizsolt.hu\/product\/espresso-cseszealj-12-cm\/#primaryimage"},"image":{"@id":"https:\/\/marsizsolt.hu\/product\/espresso-cseszealj-12-cm\/#primaryimage"},"thumbnailUrl":"https:\/\/marsizsolt.hu\/wp-content\/uploads\/2025\/08\/1409-espresso-cseszealj-12-cm.webp","datePublished":"2025-08-25T15:07:19+00:00","dateModified":"2025-08-26T15:38:52+00:00","breadcrumb":{"@id":"https:\/\/marsizsolt.hu\/product\/espresso-cseszealj-12-cm\/#breadcrumb"},"inLanguage":"en-US","potentialAction":[{"@type":"ReadAction","target":["https:\/\/marsizsolt.hu\/product\/espresso-cseszealj-12-cm\/"]}]},{"@type":"ImageObject","inLanguage":"en-US","@id":"https:\/\/marsizsolt.hu\/product\/espresso-cseszealj-12-cm\/#primaryimage","url":"https:\/\/marsizsolt.hu\/wp-content\/uploads\/2025\/08\/1409-espresso-cseszealj-12-cm.webp","contentUrl":"https:\/\/marsizsolt.hu\/wp-content\/uploads\/2025\/08\/1409-espresso-cseszealj-12-cm.webp","width":1920,"height":2880},{"@type":"BreadcrumbList","@id":"https:\/\/marsizsolt.hu\/product\/espresso-cseszealj-12-cm\/#breadcrumb","itemListElement":[{"@type":"ListItem","position":1,"name":"Home","item":"https:\/\/marsizsolt.hu\/"},{"@type":"ListItem","position":2,"name":"Shop","item":"https:\/\/marsizsolt.hu\/shop\/"},{"@type":"ListItem","position":3,"name":"Espresso csészealj 12 cm"}]},{"@type":"WebSite","@id":"https:\/\/marsizsolt.hu\/#website","url":"https:\/\/marsizsolt.hu\/","name":"marsizsolt.hu","description":"Marsi Zsolt Catering &amp; Az Udvar – Az eseményed gasztronómiai háttere","publisher":{"@id":"https:\/\/marsizsolt.hu\/#organization"},"potentialAction":[{"@type":"SearchAction","target":{"@type":"EntryPoint","urlTemplate":"https:\/\/marsizsolt.hu\/?s={search_term_string}"},"query-input":{"@type":"PropertyValueSpecification","valueRequired":true,"valueName":"search_term_string"}}],"inLanguage":"en-US"},{"@type":"Organization","@id":"https:\/\/marsizsolt.hu\/#organization","name":"marsizsolt.hu","url":"https:\/\/marsizsolt.hu\/","logo":{"@type":"ImageObject","inLanguage":"en-US","@id":"https:\/\/marsizsolt.hu\/#\/schema\/logo\/image\/","url":"https:\/\/marsizsolt.hu\/wp-content\/uploads\/2025\/04\/Catering.svg","contentUrl":"https:\/\/marsizsolt.hu\/wp-content\/uploads\/2025\/04\/Catering.svg","width":132,"height":243,"caption":"marsizsolt.hu"},"image":{"@id":"https:\/\/marsizsolt.hu\/#\/schema\/logo\/image\/"},"sameAs":["https:\/\/www.facebook.com\/gasztro.marsi","https:\/\/www.instagram.com\/gasztro.marsi\/"]}]}</script>
<!-- / Yoast SEO plugin. -->

Espresso csészealj 12 cm | Komplett catering szolgáltatás és eszközpark

A 12 cm-es espresso csészealj az espresso csészéhez illő, kisebb méretű alátét. Stabilan tartja a csészét, és elegánsan egészíti ki a gyors kávézás rituáléját.

Komplett catering szolgáltatás és eszközpark

Espresso csészealj 12 cm

Marsi Zsolt Catering &amp; Az Udvar – Az eseményed gasztronómiai háttere
